{"id":450,"date":"2015-04-28T09:47:21","date_gmt":"2015-04-28T09:47:21","guid":{"rendered":"http:\/\/www.anarieldesign.com\/themedemos\/maisha\/?page_id=450"},"modified":"2015-04-28T09:47:21","modified_gmt":"2015-04-28T09:47:21","slug":"koboko","status":"publish","type":"page","link":"https:\/\/lahaut.bzh\/index.php\/our-staff\/koboko\/","title":{"rendered":"Koboko"},"content":{"rendered":"<p>\t\tMarzipan marshmallow cookie cake icing marshmallow chocolate cookie carrot cake drag\u00e9e chocolate candy canes carrot cake.<\/p>\n<ul>\n<li><strong>Email<\/strong>: kokobo@maisha.org<\/li>\n<li><a href=\"#\"><strong>Twitter<\/strong>: @kokobo<\/a><\/li>\n<li><strong>TEL<\/strong>: 08992 7248297<\/li>\n<\/ul>\n","protected":false},"excerpt":{"rendered":"<p>Marzipan marshmallow cookie cake icing marshmallow chocolate cookie carrot cake drag\u00e9e chocolate candy canes carrot cake. Email: kokobo@maisha.org Twitter: @kokobo TEL: 08992 7248297<\/p>\n","protected":false},"author":1,"featured_media":2504,"parent":393,"menu_order":0,"comment_status":"closed","ping_status":"closed","template":"page-templates\/full-bg-page.php","meta":{"footnotes":""},"yoast_head":"<!-- This site is optimized with the Yoast SEO plugin v17.2.1 - https:\/\/yoast.com\/wordpress\/plugins\/seo\/ -->\n<title>Koboko - L\u00e0-Haut<\/title>\n<meta name=\"robots\" content=\"index, follow, max-snippet:-1, max-image-preview:large, max-video-preview:-1\" \/>\n<link rel=\"canonical\" href=\"https:\/\/lahaut.bzh\/index.php\/our-staff\/koboko\/\" \/>\n<meta property=\"og:locale\" content=\"fr_FR\" \/>\n<meta property=\"og:type\" content=\"article\" \/>\n<meta property=\"og:title\" content=\"Koboko - L\u00e0-Haut\" \/>\n<meta property=\"og:description\" content=\"Marzipan marshmallow cookie cake icing marshmallow chocolate cookie carrot cake drag\u00e9e chocolate candy canes carrot cake. Email: kokobo@maisha.org Twitter: @kokobo TEL: 08992 7248297\" \/>\n<meta property=\"og:url\" content=\"https:\/\/lahaut.bzh\/index.php\/our-staff\/koboko\/\" \/>\n<meta property=\"og:site_name\" content=\"L\u00e0-Haut\" \/>\n<meta property=\"article:publisher\" content=\"https:\/\/fb.me\/Lahautbzh\" \/>\n<meta property=\"og:image\" content=\"https:\/\/lahaut.bzh\/wp-content\/uploads\/2015\/04\/5.jpg\" \/>\n\t<meta property=\"og:image:width\" content=\"916\" \/>\n\t<meta property=\"og:image:height\" content=\"500\" \/>\n<meta name=\"twitter:card\" content=\"summary_large_image\" \/>\n<script type=\"application\/ld+json\" class=\"yoast-schema-graph\">{\"@context\":\"https:\/\/schema.org\",\"@graph\":[{\"@type\":\"Organization\",\"@id\":\"https:\/\/lahaut.bzh\/#organization\",\"name\":\"Association L\\u00e0-haut\",\"url\":\"https:\/\/lahaut.bzh\/\",\"sameAs\":[\"https:\/\/fb.me\/Lahautbzh\",\"https:\/\/www.instagram.com\/lahautbzh\/\"],\"logo\":{\"@type\":\"ImageObject\",\"@id\":\"https:\/\/lahaut.bzh\/#logo\",\"inLanguage\":\"fr-FR\",\"url\":\"https:\/\/lahaut.bzh\/wp-content\/uploads\/2020\/03\/logo-noir-verticale-classic-web.jpg\",\"contentUrl\":\"https:\/\/lahaut.bzh\/wp-content\/uploads\/2020\/03\/logo-noir-verticale-classic-web.jpg\",\"width\":400,\"height\":343,\"caption\":\"Association L\\u00e0-haut\"},\"image\":{\"@id\":\"https:\/\/lahaut.bzh\/#logo\"}},{\"@type\":\"WebSite\",\"@id\":\"https:\/\/lahaut.bzh\/#website\",\"url\":\"https:\/\/lahaut.bzh\/\",\"name\":\"L\\u00e0-Haut\",\"description\":\"Association \\u00e9co-citoyenne perch\\u00e9e : Formations BAFA, S\\u00e9jours, Grimpe d&#039;arbres ...\",\"publisher\":{\"@id\":\"https:\/\/lahaut.bzh\/#organization\"},\"potentialAction\":[{\"@type\":\"SearchAction\",\"target\":{\"@type\":\"EntryPoint\",\"urlTemplate\":\"https:\/\/lahaut.bzh\/?s={search_term_string}\"},\"query-input\":\"required name=search_term_string\"}],\"inLanguage\":\"fr-FR\"},{\"@type\":\"ImageObject\",\"@id\":\"https:\/\/lahaut.bzh\/index.php\/our-staff\/koboko\/#primaryimage\",\"inLanguage\":\"fr-FR\",\"url\":\"https:\/\/lahaut.bzh\/wp-content\/uploads\/2015\/04\/5.jpg\",\"contentUrl\":\"https:\/\/lahaut.bzh\/wp-content\/uploads\/2015\/04\/5.jpg\",\"width\":916,\"height\":500,\"caption\":\"\"},{\"@type\":\"WebPage\",\"@id\":\"https:\/\/lahaut.bzh\/index.php\/our-staff\/koboko\/#webpage\",\"url\":\"https:\/\/lahaut.bzh\/index.php\/our-staff\/koboko\/\",\"name\":\"Koboko - L\\u00e0-Haut\",\"isPartOf\":{\"@id\":\"https:\/\/lahaut.bzh\/#website\"},\"primaryImageOfPage\":{\"@id\":\"https:\/\/lahaut.bzh\/index.php\/our-staff\/koboko\/#primaryimage\"},\"datePublished\":\"2015-04-28T09:47:21+00:00\",\"dateModified\":\"2015-04-28T09:47:21+00:00\",\"breadcrumb\":{\"@id\":\"https:\/\/lahaut.bzh\/index.php\/our-staff\/koboko\/#breadcrumb\"},\"inLanguage\":\"fr-FR\",\"potentialAction\":[{\"@type\":\"ReadAction\",\"target\":[\"https:\/\/lahaut.bzh\/index.php\/our-staff\/koboko\/\"]}]},{\"@type\":\"BreadcrumbList\",\"@id\":\"https:\/\/lahaut.bzh\/index.php\/our-staff\/koboko\/#breadcrumb\",\"itemListElement\":[{\"@type\":\"ListItem\",\"position\":1,\"name\":\"Accueil\",\"item\":\"https:\/\/lahaut.bzh\/\"},{\"@type\":\"ListItem\",\"position\":2,\"name\":\"Our Staff\",\"item\":\"https:\/\/lahaut.bzh\/index.php\/our-staff\/\"},{\"@type\":\"ListItem\",\"position\":3,\"name\":\"Koboko\"}]}]}<\/script>\n<!-- \/ Yoast SEO plugin. -->","yoast_head_json":{"title":"Koboko - L\u00e0-Haut","robots":{"index":"index","follow":"follow","max-snippet":"max-snippet:-1","max-image-preview":"max-image-preview:large","max-video-preview":"max-video-preview:-1"},"canonical":"https:\/\/lahaut.bzh\/index.php\/our-staff\/koboko\/","og_locale":"fr_FR","og_type":"article","og_title":"Koboko - L\u00e0-Haut","og_description":"Marzipan marshmallow cookie cake icing marshmallow chocolate cookie carrot cake drag\u00e9e chocolate candy canes carrot cake. Email: kokobo@maisha.org Twitter: @kokobo TEL: 08992 7248297","og_url":"https:\/\/lahaut.bzh\/index.php\/our-staff\/koboko\/","og_site_name":"L\u00e0-Haut","article_publisher":"https:\/\/fb.me\/Lahautbzh","og_image":[{"width":916,"height":500,"url":"https:\/\/lahaut.bzh\/wp-content\/uploads\/2015\/04\/5.jpg","path":"\/home\/dnkoosj\/www\/wp-content\/uploads\/2015\/04\/5.jpg","size":"full","id":2504,"alt":"","pixels":458000,"type":"image\/jpeg"}],"twitter_card":"summary_large_image","schema":{"@context":"https:\/\/schema.org","@graph":[{"@type":"Organization","@id":"https:\/\/lahaut.bzh\/#organization","name":"Association L\u00e0-haut","url":"https:\/\/lahaut.bzh\/","sameAs":["https:\/\/fb.me\/Lahautbzh","https:\/\/www.instagram.com\/lahautbzh\/"],"logo":{"@type":"ImageObject","@id":"https:\/\/lahaut.bzh\/#logo","inLanguage":"fr-FR","url":"https:\/\/lahaut.bzh\/wp-content\/uploads\/2020\/03\/logo-noir-verticale-classic-web.jpg","contentUrl":"https:\/\/lahaut.bzh\/wp-content\/uploads\/2020\/03\/logo-noir-verticale-classic-web.jpg","width":400,"height":343,"caption":"Association L\u00e0-haut"},"image":{"@id":"https:\/\/lahaut.bzh\/#logo"}},{"@type":"WebSite","@id":"https:\/\/lahaut.bzh\/#website","url":"https:\/\/lahaut.bzh\/","name":"L\u00e0-Haut","description":"Association \u00e9co-citoyenne perch\u00e9e : Formations BAFA, S\u00e9jours, Grimpe d&#039;arbres ...","publisher":{"@id":"https:\/\/lahaut.bzh\/#organization"},"potentialAction":[{"@type":"SearchAction","target":{"@type":"EntryPoint","urlTemplate":"https:\/\/lahaut.bzh\/?s={search_term_string}"},"query-input":"required name=search_term_string"}],"inLanguage":"fr-FR"},{"@type":"ImageObject","@id":"https:\/\/lahaut.bzh\/index.php\/our-staff\/koboko\/#primaryimage","inLanguage":"fr-FR","url":"https:\/\/lahaut.bzh\/wp-content\/uploads\/2015\/04\/5.jpg","contentUrl":"https:\/\/lahaut.bzh\/wp-content\/uploads\/2015\/04\/5.jpg","width":916,"height":500,"caption":""},{"@type":"WebPage","@id":"https:\/\/lahaut.bzh\/index.php\/our-staff\/koboko\/#webpage","url":"https:\/\/lahaut.bzh\/index.php\/our-staff\/koboko\/","name":"Koboko - L\u00e0-Haut","isPartOf":{"@id":"https:\/\/lahaut.bzh\/#website"},"primaryImageOfPage":{"@id":"https:\/\/lahaut.bzh\/index.php\/our-staff\/koboko\/#primaryimage"},"datePublished":"2015-04-28T09:47:21+00:00","dateModified":"2015-04-28T09:47:21+00:00","breadcrumb":{"@id":"https:\/\/lahaut.bzh\/index.php\/our-staff\/koboko\/#breadcrumb"},"inLanguage":"fr-FR","potentialAction":[{"@type":"ReadAction","target":["https:\/\/lahaut.bzh\/index.php\/our-staff\/koboko\/"]}]},{"@type":"BreadcrumbList","@id":"https:\/\/lahaut.bzh\/index.php\/our-staff\/koboko\/#breadcrumb","itemListElement":[{"@type":"ListItem","position":1,"name":"Accueil","item":"https:\/\/lahaut.bzh\/"},{"@type":"ListItem","position":2,"name":"Our Staff","item":"https:\/\/lahaut.bzh\/index.php\/our-staff\/"},{"@type":"ListItem","position":3,"name":"Koboko"}]}]}},"_links":{"self":[{"href":"https:\/\/lahaut.bzh\/index.php\/wp-json\/wp\/v2\/pages\/450"}],"collection":[{"href":"https:\/\/lahaut.bzh\/index.php\/wp-json\/wp\/v2\/pages"}],"about":[{"href":"https:\/\/lahaut.bzh\/index.php\/wp-json\/wp\/v2\/types\/page"}],"author":[{"embeddable":true,"href":"https:\/\/lahaut.bzh\/index.php\/wp-json\/wp\/v2\/users\/1"}],"replies":[{"embeddable":true,"href":"https:\/\/lahaut.bzh\/index.php\/wp-json\/wp\/v2\/comments?post=450"}],"version-history":[{"count":0,"href":"https:\/\/lahaut.bzh\/index.php\/wp-json\/wp\/v2\/pages\/450\/revisions"}],"up":[{"embeddable":true,"href":"https:\/\/lahaut.bzh\/index.php\/wp-json\/wp\/v2\/pages\/393"}],"wp:featuredmedia":[{"embeddable":true,"href":"https:\/\/lahaut.bzh\/index.php\/wp-json\/wp\/v2\/media\/2504"}],"wp:attachment":[{"href":"https:\/\/lahaut.bzh\/index.php\/wp-json\/wp\/v2\/media?parent=450"}],"curies":[{"name":"wp","href":"https:\/\/api.w.org\/{rel}","templated":true}]}}