{"id":3726,"date":"2020-03-11T14:59:36","date_gmt":"2020-03-11T13:59:36","guid":{"rendered":"http:\/\/lahaut.bzh\/?page_id=3726"},"modified":"2024-04-15T14:17:27","modified_gmt":"2024-04-15T12:17:27","slug":"program-two-2","status":"publish","type":"page","link":"https:\/\/lahaut.bzh\/index.php\/our-programs\/program-two-2\/","title":{"rendered":"Recherche Action &#8211; L&rsquo;appel de la For\u00eat"},"content":{"rendered":"\t\t<div data-elementor-type=\"wp-page\" data-elementor-id=\"3726\" class=\"elementor elementor-3726\" data-elementor-settings=\"{&quot;premium_particles_zindex&quot;:0,&quot;premium_particles_responsive&quot;:[&quot;desktop&quot;,&quot;tablet&quot;,&quot;mobile&quot;]}\">\n\t\t\t\t\t\t<section class=\"elementor-section elementor-top-section elementor-element elementor-element-b852be5 elementor-section-boxed elementor-section-height-default elementor-section-height-default\" data-id=\"b852be5\" data-element_type=\"section\" data-settings=\"{&quot;premium_particles_zindex&quot;:0,&quot;premium_particles_responsive&quot;:[&quot;desktop&quot;,&quot;tablet&quot;,&quot;mobile&quot;]}\">\n\t\t\t\t\t\t<div class=\"elementor-container elementor-column-gap-default\">\n\t\t\t\t\t<div class=\"elementor-column elementor-col-100 elementor-top-column elementor-element elementor-element-3c574f8\" data-id=\"3c574f8\" data-element_type=\"column\" data-settings=\"{&quot;premium_particles_zindex&quot;:0,&quot;premium_particles_responsive&quot;:[&quot;desktop&quot;,&quot;tablet&quot;,&quot;mobile&quot;]}\">\n\t\t\t<div class=\"elementor-widget-wrap elementor-element-populated\">\n\t\t\t\t\t\t<div class=\"elementor-element elementor-element-610801c elementor-widget__width-initial elementor-widget elementor-widget-text-editor\" data-id=\"610801c\" data-element_type=\"widget\" data-widget_type=\"text-editor.default\">\n\t\t\t\t<div class=\"elementor-widget-container\">\n\t\t\t\t\t\t\t<pre><a href=\"https:\/\/lahaut.bzh\/index.php\/lappel-de-la-foret\/\">Analyse des pratiques d'\u00e9ducation dehors, des liens entre Art, \u00c9ducation et Biodiversit\u00e9. L'Appel de la for\u00eat est un projet exp\u00e9rimental dans la for\u00eat de Rennes d'explorations p\u00e9dagogiques et artistiques, en partenariat avec l'ONF<\/a><\/pre>\t\t\t\t\t\t<\/div>\n\t\t\t\t<\/div>\n\t\t\t\t\t<\/div>\n\t\t<\/div>\n\t\t\t\t\t<\/div>\n\t\t<\/section>\n\t\t\t\t<\/div>\n\t\t","protected":false},"excerpt":{"rendered":"<p>Analyse des pratiques d&rsquo;\u00e9ducation dehors, des liens entre Art, \u00c9ducation et Biodiversit\u00e9. L&rsquo;Appel de la for\u00eat est un projet exp\u00e9rimental dans la for\u00eat de Rennes d&rsquo;explorations p\u00e9dagogiques et artistiques, en &hellip; <a href=\"https:\/\/lahaut.bzh\/index.php\/our-programs\/program-two-2\/\" class=\"more-link\">Continue reading <span class=\"screen-reader-text\">Recherche Action &#8211; L&rsquo;appel de la For\u00eat<\/span><\/a><\/p>\n","protected":false},"author":1,"featured_media":3196,"parent":54,"menu_order":0,"comment_status":"open","ping_status":"closed","template":"","meta":{"footnotes":""},"yoast_head":"<!-- This site is optimized with the Yoast SEO plugin v17.2.1 - https:\/\/yoast.com\/wordpress\/plugins\/seo\/ -->\n<title>Recherche Action - L&#039;appel de la For\u00eat - L\u00e0-Haut<\/title>\n<meta name=\"robots\" content=\"index, follow, max-snippet:-1, max-image-preview:large, max-video-preview:-1\" \/>\n<link rel=\"canonical\" href=\"https:\/\/lahaut.bzh\/index.php\/our-programs\/program-two-2\/\" \/>\n<meta property=\"og:locale\" content=\"fr_FR\" \/>\n<meta property=\"og:type\" content=\"article\" \/>\n<meta property=\"og:title\" content=\"Recherche Action - L&#039;appel de la For\u00eat - L\u00e0-Haut\" \/>\n<meta property=\"og:description\" content=\"Analyse des pratiques d&#039;\u00e9ducation dehors, des liens entre Art, \u00c9ducation et Biodiversit\u00e9. L&#039;Appel de la for\u00eat est un projet exp\u00e9rimental dans la for\u00eat de Rennes d&#039;explorations p\u00e9dagogiques et artistiques, en &hellip; Continue reading Recherche Action &#8211; L&rsquo;appel de la For\u00eat\" \/>\n<meta property=\"og:url\" content=\"https:\/\/lahaut.bzh\/index.php\/our-programs\/program-two-2\/\" \/>\n<meta property=\"og:site_name\" content=\"L\u00e0-Haut\" \/>\n<meta property=\"article:publisher\" content=\"https:\/\/fb.me\/Lahautbzh\" \/>\n<meta property=\"article:modified_time\" content=\"2024-04-15T12:17:27+00:00\" \/>\n<meta property=\"og:image\" content=\"https:\/\/lahaut.bzh\/wp-content\/uploads\/2020\/02\/picto-grimpe-arbre.png\" \/>\n\t<meta property=\"og:image:width\" content=\"300\" \/>\n\t<meta property=\"og:image:height\" content=\"300\" \/>\n<meta name=\"twitter:card\" content=\"summary_large_image\" \/>\n<script type=\"application\/ld+json\" class=\"yoast-schema-graph\">{\"@context\":\"https:\/\/schema.org\",\"@graph\":[{\"@type\":\"Organization\",\"@id\":\"https:\/\/lahaut.bzh\/#organization\",\"name\":\"Association L\\u00e0-haut\",\"url\":\"https:\/\/lahaut.bzh\/\",\"sameAs\":[\"https:\/\/fb.me\/Lahautbzh\",\"https:\/\/www.instagram.com\/lahautbzh\/\"],\"logo\":{\"@type\":\"ImageObject\",\"@id\":\"https:\/\/lahaut.bzh\/#logo\",\"inLanguage\":\"fr-FR\",\"url\":\"https:\/\/lahaut.bzh\/wp-content\/uploads\/2020\/03\/logo-noir-verticale-classic-web.jpg\",\"contentUrl\":\"https:\/\/lahaut.bzh\/wp-content\/uploads\/2020\/03\/logo-noir-verticale-classic-web.jpg\",\"width\":400,\"height\":343,\"caption\":\"Association L\\u00e0-haut\"},\"image\":{\"@id\":\"https:\/\/lahaut.bzh\/#logo\"}},{\"@type\":\"WebSite\",\"@id\":\"https:\/\/lahaut.bzh\/#website\",\"url\":\"https:\/\/lahaut.bzh\/\",\"name\":\"L\\u00e0-Haut\",\"description\":\"Association \\u00e9co-citoyenne perch\\u00e9e : Formations BAFA, S\\u00e9jours, Grimpe d&#039;arbres ...\",\"publisher\":{\"@id\":\"https:\/\/lahaut.bzh\/#organization\"},\"potentialAction\":[{\"@type\":\"SearchAction\",\"target\":{\"@type\":\"EntryPoint\",\"urlTemplate\":\"https:\/\/lahaut.bzh\/?s={search_term_string}\"},\"query-input\":\"required name=search_term_string\"}],\"inLanguage\":\"fr-FR\"},{\"@type\":\"ImageObject\",\"@id\":\"https:\/\/lahaut.bzh\/index.php\/our-programs\/program-two-2\/#primaryimage\",\"inLanguage\":\"fr-FR\",\"url\":\"https:\/\/lahaut.bzh\/wp-content\/uploads\/2020\/02\/picto-grimpe-arbre.png\",\"contentUrl\":\"https:\/\/lahaut.bzh\/wp-content\/uploads\/2020\/02\/picto-grimpe-arbre.png\",\"width\":300,\"height\":300},{\"@type\":\"WebPage\",\"@id\":\"https:\/\/lahaut.bzh\/index.php\/our-programs\/program-two-2\/#webpage\",\"url\":\"https:\/\/lahaut.bzh\/index.php\/our-programs\/program-two-2\/\",\"name\":\"Recherche Action - L'appel de la For\\u00eat - L\\u00e0-Haut\",\"isPartOf\":{\"@id\":\"https:\/\/lahaut.bzh\/#website\"},\"primaryImageOfPage\":{\"@id\":\"https:\/\/lahaut.bzh\/index.php\/our-programs\/program-two-2\/#primaryimage\"},\"datePublished\":\"2020-03-11T13:59:36+00:00\",\"dateModified\":\"2024-04-15T12:17:27+00:00\",\"breadcrumb\":{\"@id\":\"https:\/\/lahaut.bzh\/index.php\/our-programs\/program-two-2\/#breadcrumb\"},\"inLanguage\":\"fr-FR\",\"potentialAction\":[{\"@type\":\"ReadAction\",\"target\":[\"https:\/\/lahaut.bzh\/index.php\/our-programs\/program-two-2\/\"]}]},{\"@type\":\"BreadcrumbList\",\"@id\":\"https:\/\/lahaut.bzh\/index.php\/our-programs\/program-two-2\/#breadcrumb\",\"itemListElement\":[{\"@type\":\"ListItem\",\"position\":1,\"name\":\"Accueil\",\"item\":\"https:\/\/lahaut.bzh\/\"},{\"@type\":\"ListItem\",\"position\":2,\"name\":\"Our Programs\",\"item\":\"https:\/\/lahaut.bzh\/index.php\/our-programs\/\"},{\"@type\":\"ListItem\",\"position\":3,\"name\":\"Recherche Action &#8211; L&rsquo;appel de la For\\u00eat\"}]}]}<\/script>\n<!-- \/ Yoast SEO plugin. -->","yoast_head_json":{"title":"Recherche Action - L'appel de la For\u00eat - L\u00e0-Haut","robots":{"index":"index","follow":"follow","max-snippet":"max-snippet:-1","max-image-preview":"max-image-preview:large","max-video-preview":"max-video-preview:-1"},"canonical":"https:\/\/lahaut.bzh\/index.php\/our-programs\/program-two-2\/","og_locale":"fr_FR","og_type":"article","og_title":"Recherche Action - L'appel de la For\u00eat - L\u00e0-Haut","og_description":"Analyse des pratiques d'\u00e9ducation dehors, des liens entre Art, \u00c9ducation et Biodiversit\u00e9. L'Appel de la for\u00eat est un projet exp\u00e9rimental dans la for\u00eat de Rennes d'explorations p\u00e9dagogiques et artistiques, en &hellip; Continue reading Recherche Action &#8211; L&rsquo;appel de la For\u00eat","og_url":"https:\/\/lahaut.bzh\/index.php\/our-programs\/program-two-2\/","og_site_name":"L\u00e0-Haut","article_publisher":"https:\/\/fb.me\/Lahautbzh","article_modified_time":"2024-04-15T12:17:27+00:00","og_image":[{"width":300,"height":300,"url":"https:\/\/lahaut.bzh\/wp-content\/uploads\/2020\/02\/picto-grimpe-arbre.png","path":"\/home\/dnkoosj\/www\/wp-content\/uploads\/2020\/02\/picto-grimpe-arbre.png","size":"full","id":3196,"alt":"","pixels":90000,"type":"image\/png"}],"twitter_card":"summary_large_image","schema":{"@context":"https:\/\/schema.org","@graph":[{"@type":"Organization","@id":"https:\/\/lahaut.bzh\/#organization","name":"Association L\u00e0-haut","url":"https:\/\/lahaut.bzh\/","sameAs":["https:\/\/fb.me\/Lahautbzh","https:\/\/www.instagram.com\/lahautbzh\/"],"logo":{"@type":"ImageObject","@id":"https:\/\/lahaut.bzh\/#logo","inLanguage":"fr-FR","url":"https:\/\/lahaut.bzh\/wp-content\/uploads\/2020\/03\/logo-noir-verticale-classic-web.jpg","contentUrl":"https:\/\/lahaut.bzh\/wp-content\/uploads\/2020\/03\/logo-noir-verticale-classic-web.jpg","width":400,"height":343,"caption":"Association L\u00e0-haut"},"image":{"@id":"https:\/\/lahaut.bzh\/#logo"}},{"@type":"WebSite","@id":"https:\/\/lahaut.bzh\/#website","url":"https:\/\/lahaut.bzh\/","name":"L\u00e0-Haut","description":"Association \u00e9co-citoyenne perch\u00e9e : Formations BAFA, S\u00e9jours, Grimpe d&#039;arbres ...","publisher":{"@id":"https:\/\/lahaut.bzh\/#organization"},"potentialAction":[{"@type":"SearchAction","target":{"@type":"EntryPoint","urlTemplate":"https:\/\/lahaut.bzh\/?s={search_term_string}"},"query-input":"required name=search_term_string"}],"inLanguage":"fr-FR"},{"@type":"ImageObject","@id":"https:\/\/lahaut.bzh\/index.php\/our-programs\/program-two-2\/#primaryimage","inLanguage":"fr-FR","url":"https:\/\/lahaut.bzh\/wp-content\/uploads\/2020\/02\/picto-grimpe-arbre.png","contentUrl":"https:\/\/lahaut.bzh\/wp-content\/uploads\/2020\/02\/picto-grimpe-arbre.png","width":300,"height":300},{"@type":"WebPage","@id":"https:\/\/lahaut.bzh\/index.php\/our-programs\/program-two-2\/#webpage","url":"https:\/\/lahaut.bzh\/index.php\/our-programs\/program-two-2\/","name":"Recherche Action - L'appel de la For\u00eat - L\u00e0-Haut","isPartOf":{"@id":"https:\/\/lahaut.bzh\/#website"},"primaryImageOfPage":{"@id":"https:\/\/lahaut.bzh\/index.php\/our-programs\/program-two-2\/#primaryimage"},"datePublished":"2020-03-11T13:59:36+00:00","dateModified":"2024-04-15T12:17:27+00:00","breadcrumb":{"@id":"https:\/\/lahaut.bzh\/index.php\/our-programs\/program-two-2\/#breadcrumb"},"inLanguage":"fr-FR","potentialAction":[{"@type":"ReadAction","target":["https:\/\/lahaut.bzh\/index.php\/our-programs\/program-two-2\/"]}]},{"@type":"BreadcrumbList","@id":"https:\/\/lahaut.bzh\/index.php\/our-programs\/program-two-2\/#breadcrumb","itemListElement":[{"@type":"ListItem","position":1,"name":"Accueil","item":"https:\/\/lahaut.bzh\/"},{"@type":"ListItem","position":2,"name":"Our Programs","item":"https:\/\/lahaut.bzh\/index.php\/our-programs\/"},{"@type":"ListItem","position":3,"name":"Recherche Action &#8211; L&rsquo;appel de la For\u00eat"}]}]}},"_links":{"self":[{"href":"https:\/\/lahaut.bzh\/index.php\/wp-json\/wp\/v2\/pages\/3726"}],"collection":[{"href":"https:\/\/lahaut.bzh\/index.php\/wp-json\/wp\/v2\/pages"}],"about":[{"href":"https:\/\/lahaut.bzh\/index.php\/wp-json\/wp\/v2\/types\/page"}],"author":[{"embeddable":true,"href":"https:\/\/lahaut.bzh\/index.php\/wp-json\/wp\/v2\/users\/1"}],"replies":[{"embeddable":true,"href":"https:\/\/lahaut.bzh\/index.php\/wp-json\/wp\/v2\/comments?post=3726"}],"version-history":[{"count":36,"href":"https:\/\/lahaut.bzh\/index.php\/wp-json\/wp\/v2\/pages\/3726\/revisions"}],"predecessor-version":[{"id":7542,"href":"https:\/\/lahaut.bzh\/index.php\/wp-json\/wp\/v2\/pages\/3726\/revisions\/7542"}],"up":[{"embeddable":true,"href":"https:\/\/lahaut.bzh\/index.php\/wp-json\/wp\/v2\/pages\/54"}],"wp:featuredmedia":[{"embeddable":true,"href":"https:\/\/lahaut.bzh\/index.php\/wp-json\/wp\/v2\/media\/3196"}],"wp:attachment":[{"href":"https:\/\/lahaut.bzh\/index.php\/wp-json\/wp\/v2\/media?parent=3726"}],"curies":[{"name":"wp","href":"https:\/\/api.w.org\/{rel}","templated":true}]}}